{"id":1946,"date":"2025-12-22T10:00:00","date_gmt":"2025-12-22T10:00:00","guid":{"rendered":"https:\/\/stevedor.dk\/vermietung-von-lagerflaeche\/"},"modified":"2026-03-27T13:09:57","modified_gmt":"2026-03-27T13:09:57","slug":"vermietung-von-lagerflaeche","status":"publish","type":"page","link":"https:\/\/stevedor.dk\/de\/services\/vermietung-von-lagerflaeche\/","title":{"rendered":"Vermietung von Lagerfl\u00e4che"},"content":{"rendered":"\t\t<div data-elementor-type=\"wp-page\" data-elementor-id=\"1946\" class=\"elementor elementor-1946 elementor-686\" data-elementor-post-type=\"page\">\n\t\t\t\t<div class=\"elementor-element elementor-element-37f280a0 e-con-full e-flex e-con e-parent\" data-id=\"37f280a0\" data-element_type=\"container\" data-e-type=\"container\" data-settings=\"{&quot;background_background&quot;:&quot;classic&quot;}\">\n\t\t<div class=\"elementor-element elementor-element-6cc43abb e-con-full hero-blue elementor-hidden-mobile e-flex e-con e-child\" data-id=\"6cc43abb\" data-element_type=\"container\" data-e-type=\"container\" data-settings=\"{&quot;background_background&quot;:&quot;classic&quot;,&quot;position&quot;:&quot;absolute&quot;}\">\n\t\t\t\t<\/div>\n\t\t<div class=\"elementor-element elementor-element-ec0359a e-con-full e-flex e-con e-child\" data-id=\"ec0359a\" data-element_type=\"container\" data-e-type=\"container\" data-settings=\"{&quot;background_background&quot;:&quot;classic&quot;}\">\n\t\t\t\t<div class=\"elementor-element elementor-element-394c6663 elementor-widget elementor-widget-heading\" data-id=\"394c6663\" data-element_type=\"widget\" data-e-type=\"widget\" data-widget_type=\"heading.default\">\n\t\t\t\t\t<h1 class=\"elementor-heading-title elementor-size-default\">Vermietung von Lagerfl\u00e4che<\/h1>\t\t\t\t<\/div>\n\t\t\t\t<div class=\"elementor-element elementor-element-1100f474 elementor-widget elementor-widget-text-editor\" data-id=\"1100f474\" data-element_type=\"widget\" data-e-type=\"widget\" data-widget_type=\"text-editor.default\">\n\t\t\t\t\t\t\t\t\t<p style=\"font-weight: 400;\">Wir verf\u00fcgen \u00fcber Lagerhallen und Au\u00dfenlagerfl\u00e4chen sowohl in Thybor\u00f8n als auch in Hvide Sande.<\/p>\t\t\t\t\t\t\t\t<\/div>\n\t\t\t\t<div class=\"elementor-element elementor-element-5d19a8af elementor-mobile-align-justify elementor-widget elementor-widget-button\" data-id=\"5d19a8af\" data-element_type=\"widget\" data-e-type=\"widget\" data-widget_type=\"button.default\">\n\t\t\t\t\t\t\t\t\t\t<a class=\"elementor-button elementor-button-link elementor-size-sm\" href=\"https:\/\/stevedor.dk\/de\/kontakt\/\">\n\t\t\t\t\t\t<span class=\"elementor-button-content-wrapper\">\n\t\t\t\t\t\t\t\t\t<span class=\"elementor-button-text\">Kontaktieren Sie uns<\/span>\n\t\t\t\t\t<\/span>\n\t\t\t\t\t<\/a>\n\t\t\t\t\t\t\t\t<\/div>\n\t\t\t\t<\/div>\n\t\t\t\t<\/div>\n\t\t<div class=\"elementor-element elementor-element-35ced56b e-flex e-con-boxed e-con e-parent\" data-id=\"35ced56b\" data-element_type=\"container\" data-e-type=\"container\" data-settings=\"{&quot;background_background&quot;:&quot;classic&quot;}\">\n\t\t\t\t\t<div class=\"e-con-inner\">\n\t\t\t\t<div class=\"elementor-element elementor-element-2614d45 elementor-widget elementor-widget-heading\" data-id=\"2614d45\" data-element_type=\"widget\" data-e-type=\"widget\" data-widget_type=\"heading.default\">\n\t\t\t\t\t<h2 class=\"elementor-heading-title elementor-size-default\">Warum Thybor\u00f8n Stevedore<\/h2>\t\t\t\t<\/div>\n\t\t\t\t<div class=\"elementor-element elementor-element-5ade868 elementor-widget__width-initial elementor-widget elementor-widget-text-editor\" data-id=\"5ade868\" data-element_type=\"widget\" data-e-type=\"widget\" data-widget_type=\"text-editor.default\">\n\t\t\t\t\t\t\t\t\t<p>Ob Sie Palettenstellpl\u00e4tze ben\u00f6tigen, um kurzfristig ein oder zwei Paletten zu lagern, oder eine Vereinbarung \u00fcber eine ganze Lagerhalle \u2013 wir haben die passende L\u00f6sung f\u00fcr Sie.<\/p><p>Dar\u00fcber hinaus verf\u00fcgen wir \u00fcber befestigte Fl\u00e4chen, auf denen wir alles von Schiffscontainern bis hin zu Sch\u00fcttgut lagern k\u00f6nnen.<\/p>\t\t\t\t\t\t\t\t<\/div>\n\t\t\t\t<div class=\"elementor-element elementor-element-899b4a1 elementor-mobile-align-justify elementor-widget-mobile__width-inherit elementor-widget elementor-widget-button\" data-id=\"899b4a1\" data-element_type=\"widget\" data-e-type=\"widget\" data-widget_type=\"button.default\">\n\t\t\t\t\t\t\t\t\t\t<a class=\"elementor-button elementor-button-link elementor-size-sm\" href=\"#se-hvad-vi-kan\">\n\t\t\t\t\t\t<span class=\"elementor-button-content-wrapper\">\n\t\t\t\t\t\t\t\t\t<span class=\"elementor-button-text\">Sehen Sie, was wir k\u00f6nnen<\/span>\n\t\t\t\t\t<\/span>\n\t\t\t\t\t<\/a>\n\t\t\t\t\t\t\t\t<\/div>\n\t\t\t\t\t<\/div>\n\t\t\t\t<\/div>\n\t\t<div class=\"elementor-element elementor-element-70deae90 e-flex e-con-boxed e-con e-parent\" data-id=\"70deae90\" data-element_type=\"container\" data-e-type=\"container\" id=\"se-hvad-vi-kan\">\n\t\t\t\t\t<div class=\"e-con-inner\">\n\t\t\t\t<div class=\"elementor-element elementor-element-4339d1b1 elementor-widget__width-initial elementor-widget elementor-widget-heading\" data-id=\"4339d1b1\" data-element_type=\"widget\" data-e-type=\"widget\" data-widget_type=\"heading.default\">\n\t\t\t\t\t<h2 class=\"elementor-heading-title elementor-size-default\">Logistikl\u00f6sungen f\u00fcr Offshore-Projekte<\/h2>\t\t\t\t<\/div>\n\t\t<div class=\"elementor-element elementor-element-1b67b3c e-con-full e-flex e-con e-child\" data-id=\"1b67b3c\" data-element_type=\"container\" data-e-type=\"container\">\n\t\t<div class=\"elementor-element elementor-element-226f0d08 e-con-full e-flex e-con e-child\" data-id=\"226f0d08\" data-element_type=\"container\" data-e-type=\"container\">\n\t\t\t\t<div class=\"elementor-element elementor-element-54b4490 elementor-widget elementor-widget-image\" data-id=\"54b4490\" data-element_type=\"widget\" data-e-type=\"widget\" data-widget_type=\"image.default\">\n\t\t\t\t\t\t\t\t\t\t\t\t\t\t\t<img fetchpriority=\"high\" decoding=\"async\" width=\"1080\" height=\"1080\" src=\"https:\/\/stevedor.dk\/wp-content\/uploads\/opbevaring-af-containere-udstyr-og-leverancer.webp\" class=\"attachment-full size-full wp-image-1950\" alt=\"\" srcset=\"https:\/\/stevedor.dk\/wp-content\/uploads\/opbevaring-af-containere-udstyr-og-leverancer.webp 1080w, https:\/\/stevedor.dk\/wp-content\/uploads\/opbevaring-af-containere-udstyr-og-leverancer-300x300.webp 300w, https:\/\/stevedor.dk\/wp-content\/uploads\/opbevaring-af-containere-udstyr-og-leverancer-1024x1024.webp 1024w, https:\/\/stevedor.dk\/wp-content\/uploads\/opbevaring-af-containere-udstyr-og-leverancer-150x150.webp 150w, https:\/\/stevedor.dk\/wp-content\/uploads\/opbevaring-af-containere-udstyr-og-leverancer-768x768.webp 768w\" sizes=\"(max-width: 1080px) 100vw, 1080px\" \/>\t\t\t\t\t\t\t\t\t\t\t\t\t\t\t<\/div>\n\t\t\t\t<\/div>\n\t\t<div class=\"elementor-element elementor-element-42f9089e e-con-full e-flex e-con e-child\" data-id=\"42f9089e\" data-element_type=\"container\" data-e-type=\"container\">\n\t\t\t\t<div class=\"elementor-element elementor-element-4d1a9c1d elementor-widget elementor-widget-heading\" data-id=\"4d1a9c1d\" data-element_type=\"widget\" data-e-type=\"widget\" data-widget_type=\"heading.default\">\n\t\t\t\t\t<h3 class=\"elementor-heading-title elementor-size-default\">Lagerung von Containern, Ausr\u00fcstung und Lieferungen<\/h3>\t\t\t\t<\/div>\n\t\t\t\t<div class=\"elementor-element elementor-element-75a295fd elementor-widget elementor-widget-text-editor\" data-id=\"75a295fd\" data-element_type=\"widget\" data-e-type=\"widget\" data-widget_type=\"text-editor.default\">\n\t\t\t\t\t\t\t\t\t<p>Im Zusammenhang mit THOR-Projekten haben viele Betreiber Container mit Druckgasflaschen, Werkzeug und anderer Ausr\u00fcstung auf unseren Fl\u00e4chen gelagert.<\/p><p>Dar\u00fcber hinaus haben wir fortlaufend als Annahmestelle f\u00fcr alles von Paketen mit Arbeitskleidung bis hin zu Paletten mit Spezialausr\u00fcstung fungiert, die gelagert werden, bis das Schiff den Hafen erneut anl\u00e4uft.<\/p>\t\t\t\t\t\t\t\t<\/div>\n\t\t\t\t<\/div>\n\t\t\t\t<\/div>\n\t\t\t\t\t<\/div>\n\t\t\t\t<\/div>\n\t\t\t\t<\/div>\n\t\t","protected":false},"excerpt":{"rendered":"<p>Vermietung von Lagerfl\u00e4che Wir verf\u00fcgen \u00fcber Lagerhallen und Au\u00dfenlagerfl\u00e4chen sowohl in Thybor\u00f8n als auch in Hvide Sande. Kontaktieren Sie uns Warum Thybor\u00f8n Stevedore Ob Sie Palettenstellpl\u00e4tze ben\u00f6tigen, um kurzfristig ein oder zwei Paletten zu lagern, oder eine Vereinbarung \u00fcber eine ganze Lagerhalle \u2013 wir haben die passende L\u00f6sung f\u00fcr Sie. Dar\u00fcber hinaus verf\u00fcgen wir \u00fcber [&hellip;]<\/p>\n","protected":false},"author":2,"featured_media":0,"parent":2018,"menu_order":0,"comment_status":"closed","ping_status":"closed","template":"","meta":{"footnotes":""},"class_list":["post-1946","page","type-page","status-publish","hentry"],"_links":{"self":[{"href":"https:\/\/stevedor.dk\/de\/wp-json\/wp\/v2\/pages\/1946","targetHints":{"allow":["GET"]}}],"collection":[{"href":"https:\/\/stevedor.dk\/de\/wp-json\/wp\/v2\/pages"}],"about":[{"href":"https:\/\/stevedor.dk\/de\/wp-json\/wp\/v2\/types\/page"}],"author":[{"embeddable":true,"href":"https:\/\/stevedor.dk\/de\/wp-json\/wp\/v2\/users\/2"}],"replies":[{"embeddable":true,"href":"https:\/\/stevedor.dk\/de\/wp-json\/wp\/v2\/comments?post=1946"}],"version-history":[{"count":2,"href":"https:\/\/stevedor.dk\/de\/wp-json\/wp\/v2\/pages\/1946\/revisions"}],"predecessor-version":[{"id":2247,"href":"https:\/\/stevedor.dk\/de\/wp-json\/wp\/v2\/pages\/1946\/revisions\/2247"}],"up":[{"embeddable":true,"href":"https:\/\/stevedor.dk\/de\/wp-json\/wp\/v2\/pages\/2018"}],"wp:attachment":[{"href":"https:\/\/stevedor.dk\/de\/wp-json\/wp\/v2\/media?parent=1946"}],"curies":[{"name":"wp","href":"https:\/\/api.w.org\/{rel}","templated":true}]}}

Vermietung von Lagerfläche

<div data-elementor-type="wp-page" data-elementor-id="1946" class="elementor elementor-1946 elementor-686" data-elementor-post-type="page">
				<div class="elementor-element elementor-element-37f280a0 e-con-full e-flex e-con e-parent" data-id="37f280a0" data-element_type="container" data-e-type="container" data-settings="{&quot;background_background&quot;:&quot;classic&quot;}">
		<div class="elementor-element elementor-element-6cc43abb e-con-full hero-blue elementor-hidden-mobile e-flex e-con e-child" data-id="6cc43abb" data-element_type="container" data-e-type="container" data-settings="{&quot;background_background&quot;:&quot;classic&quot;,&quot;position&quot;:&quot;absolute&quot;}">
				</div>
		<div class="elementor-element elementor-element-ec0359a e-con-full e-flex e-con e-child" data-id="ec0359a" data-element_type="container" data-e-type="container" data-settings="{&quot;background_background&quot;:&quot;classic&quot;}">
				<div class="elementor-element elementor-element-394c6663 elementor-widget elementor-widget-heading" data-id="394c6663" data-element_type="widget" data-e-type="widget" data-widget_type="heading.default">
					<h1 class="elementor-heading-title elementor-size-default">Vermietung von Lagerfläche</h1>				</div>
				<div class="elementor-element elementor-element-1100f474 elementor-widget elementor-widget-text-editor" data-id="1100f474" data-element_type="widget" data-e-type="widget" data-widget_type="text-editor.default">
									<p style="font-weight: 400;">Wir verfügen über Lagerhallen und Außenlagerflächen sowohl in Thyborøn als auch in Hvide Sande.</p>								</div>
				<div class="elementor-element elementor-element-5d19a8af elementor-mobile-align-justify elementor-widget elementor-widget-button" data-id="5d19a8af" data-element_type="widget" data-e-type="widget" data-widget_type="button.default">
										<a class="elementor-button elementor-button-link elementor-size-sm" href="https://stevedor.dk/de/kontakt/">
						<span class="elementor-button-content-wrapper">
									<span class="elementor-button-text">Kontaktieren Sie uns</span>
					</span>
					</a>
								</div>
				</div>
				</div>
		<div class="elementor-element elementor-element-35ced56b e-flex e-con-boxed e-con e-parent" data-id="35ced56b" data-element_type="container" data-e-type="container" data-settings="{&quot;background_background&quot;:&quot;classic&quot;}">
					<div class="e-con-inner">
				<div class="elementor-element elementor-element-2614d45 elementor-widget elementor-widget-heading" data-id="2614d45" data-element_type="widget" data-e-type="widget" data-widget_type="heading.default">
					<h2 class="elementor-heading-title elementor-size-default">Warum Thyborøn Stevedore</h2>				</div>
				<div class="elementor-element elementor-element-5ade868 elementor-widget__width-initial elementor-widget elementor-widget-text-editor" data-id="5ade868" data-element_type="widget" data-e-type="widget" data-widget_type="text-editor.default">
									<p>Ob Sie Palettenstellplätze benötigen, um kurzfristig ein oder zwei Paletten zu lagern, oder eine Vereinbarung über eine ganze Lagerhalle – wir haben die passende Lösung für Sie.</p><p>Darüber hinaus verfügen wir über befestigte Flächen, auf denen wir alles von Schiffscontainern bis hin zu Schüttgut lagern können.</p>								</div>
				<div class="elementor-element elementor-element-899b4a1 elementor-mobile-align-justify elementor-widget-mobile__width-inherit elementor-widget elementor-widget-button" data-id="899b4a1" data-element_type="widget" data-e-type="widget" data-widget_type="button.default">
										<a class="elementor-button elementor-button-link elementor-size-sm" href="#se-hvad-vi-kan">
						<span class="elementor-button-content-wrapper">
									<span class="elementor-button-text">Sehen Sie, was wir können</span>
					</span>
					</a>
								</div>
					</div>
				</div>
		<div class="elementor-element elementor-element-70deae90 e-flex e-con-boxed e-con e-parent" data-id="70deae90" data-element_type="container" data-e-type="container" id="se-hvad-vi-kan">
					<div class="e-con-inner">
				<div class="elementor-element elementor-element-4339d1b1 elementor-widget__width-initial elementor-widget elementor-widget-heading" data-id="4339d1b1" data-element_type="widget" data-e-type="widget" data-widget_type="heading.default">
					<h2 class="elementor-heading-title elementor-size-default">Logistiklösungen für Offshore-Projekte</h2>				</div>
		<div class="elementor-element elementor-element-1b67b3c e-con-full e-flex e-con e-child" data-id="1b67b3c" data-element_type="container" data-e-type="container">
		<div class="elementor-element elementor-element-226f0d08 e-con-full e-flex e-con e-child" data-id="226f0d08" data-element_type="container" data-e-type="container">
				<div class="elementor-element elementor-element-54b4490 elementor-widget elementor-widget-image" data-id="54b4490" data-element_type="widget" data-e-type="widget" data-widget_type="image.default">
															<img fetchpriority="high" decoding="async" width="1080" height="1080" src="https://stevedor.dk/wp-content/uploads/opbevaring-af-containere-udstyr-og-leverancer.webp" class="attachment-full size-full wp-image-1950" alt="" srcset="https://stevedor.dk/wp-content/uploads/opbevaring-af-containere-udstyr-og-leverancer.webp 1080w, https://stevedor.dk/wp-content/uploads/opbevaring-af-containere-udstyr-og-leverancer-300x300.webp 300w, https://stevedor.dk/wp-content/uploads/opbevaring-af-containere-udstyr-og-leverancer-1024x1024.webp 1024w, https://stevedor.dk/wp-content/uploads/opbevaring-af-containere-udstyr-og-leverancer-150x150.webp 150w, https://stevedor.dk/wp-content/uploads/opbevaring-af-containere-udstyr-og-leverancer-768x768.webp 768w" sizes="(max-width: 1080px) 100vw, 1080px" />															</div>
				</div>
		<div class="elementor-element elementor-element-42f9089e e-con-full e-flex e-con e-child" data-id="42f9089e" data-element_type="container" data-e-type="container">
				<div class="elementor-element elementor-element-4d1a9c1d elementor-widget elementor-widget-heading" data-id="4d1a9c1d" data-element_type="widget" data-e-type="widget" data-widget_type="heading.default">
					<h3 class="elementor-heading-title elementor-size-default">Lagerung von Containern, Ausrüstung und Lieferungen</h3>				</div>
				<div class="elementor-element elementor-element-75a295fd elementor-widget elementor-widget-text-editor" data-id="75a295fd" data-element_type="widget" data-e-type="widget" data-widget_type="text-editor.default">
									<p>Im Zusammenhang mit THOR-Projekten haben viele Betreiber Container mit Druckgasflaschen, Werkzeug und anderer Ausrüstung auf unseren Flächen gelagert.</p><p>Darüber hinaus haben wir fortlaufend als Annahmestelle für alles von Paketen mit Arbeitskleidung bis hin zu Paletten mit Spezialausrüstung fungiert, die gelagert werden, bis das Schiff den Hafen erneut anläuft.</p>								</div>
				</div>
				</div>
					</div>
				</div>
				</div>

<p>Vermietung von Lagerfläche Wir verfügen über Lagerhallen und Außenlagerflächen sowohl in Thyborøn als auch in Hvide Sande. Kontaktieren Sie uns Warum Thyborøn Stevedore Ob Sie Palettenstellplätze benötigen, um kurzfristig ein oder zwei Paletten zu lagern, oder eine Vereinbarung über eine ganze Lagerhalle – wir haben die passende Lösung für Sie. Darüber hinaus verfügen wir über [&hellip;]</p>
